8/(-600) + 1/h). Let s = -147 + g. What are the prime factors of s?
3, 17
Suppose 38 = -3*j + 29. Let z be (1 - 36/20)*135/j. What are the prime factors of 39 - 12/(z/6)?
37
Let a(y) = 3*y - 1. Let w be a(5). Let r(x) be the first derivative of -x**4/4 + 17*x**3/3 - 31*x**2/2 + 17*x - 701. What are the prime factors of r(w)?
3, 19
Suppose -2*y + 8*u + 30 = 4*u, -5*u + 120 = 5*y. Suppose y*w = 31*w - 2870. What are the prime factors of w?
7, 41
Suppose 5771 = 27*o + 25157. Let y = -372 - o. List the prime factors of y.
2, 173
Suppose -9*i = 5*i - i - 65. Let m be 1 + 1 - (-3 - 0). Suppose 5*b - 1079 = -2*a, -m*a + 40 = i*b - 1045. List the prime factors of b.
5, 43
Let n = 1960 + -612. Let y = n - 393. List the prime factors of y.
5, 191
Suppose -4*b - 1 = 3*o - 5, b - 1 = 3*o. Let n(x) = 351*x**3 + 3*x**2 - 6*x + 4. List the prime factors of n(b).
2, 11
Suppose -4*z - 166841 - 417803 = -a, 3*a + 438468 = -3*z. List the prime factors of (2/(-6))/(60/z).
2, 7, 29
List the prime factors of (21774/133)/(1 + (-34)/35).
2, 3, 5, 191
List the prime factors of 10/(-2100)*35 - (0 - 22933/6).
2, 3, 7, 13
Suppose 38 = 2*s - 4*d, s - d - 28 = 4*d. Suppose -s*h = 1279 - 4971. What are the prime factors of h?
2, 71
Let o(h) = 2*h**2 - h + 23. Let c be 48/(-30) - -1 - (-53)/5. List the prime factors of o(c).
3, 71
Let w(c) = 19*c**2 - 79*c + 909. List the prime factors of w(12).
3, 29, 31
Let w = -1293 - -1287. Let o(i) = -i**2 - 9*i - 30. Let t(x) = -2*x**2 - 28*x - 89. Let z(c) = -8*o(c) + 3*t(c). What are the prime factors of z(w)?
3, 13
Let i = -32197 + 98001. What are the prime factors of i?
2, 16451
List the prime factors of (-77)/22 + 55380/8.
11, 17, 37
Let a = 286 - 260. Suppose a*w - 23342 = 1332. What are the prime factors of w?
13, 73
Let j(h) = -4*h - 21 + 9*h - 17. Suppose -2*q - 2*n = -40, 0*n = 2*q + 4*n - 44. List the prime factors of j(q).
2, 13
Suppose 2031 = 2*c - 1427. Let d = 2472 - c. What are the prime factors of d?
743
Let x = -74 + 74. What are the prime factors of -3 + -3 + (x - -257)?
251
Let c(s) be the first derivative of -17*s**2 - 131*s - 55. List the prime factors of c(-24).
5, 137
Suppose 0 = -231*l - 120*l + 4802733. What are the prime factors of l?
3, 4561
Let g(l) = -5160*l - 377. What are the prime factors of g(-1)?
4783
Let m be (-1)/((-1)/(-1111)) - (64 + -61). Let q = 2179 + m. List the prime factors of q.
3, 5, 71
Suppose s - 4*c + 19 = 0, -16 - 7 = -3*s - 4*c. Suppose 3*r - 3437 = -i, s = -8*i + 7*i. What are the prime factors of r?
2, 3, 191
Let b = 11 + -10. Suppose 3*t - 492 + b = -4*r, -4*t - r + 633 = 0. Suppose -7*o + t = -599. List the prime factors of o.
2, 3
Suppose 2*p = -3*j - 7159, -7*p = -6*p + 5*j + 3576. Let z = -2397 - p. List the prime factors of z.
2, 37
Suppose -2*w - 594 + 1840 = 0. Let y = w + 248. What are the prime factors of y?
13, 67
List the prime factors of -126*(-560)/10 + (0 - -8).
2, 883
Suppose 2*k - 37 = -23. List the prime factors of (-2133)/(-189) + (-2)/k.
11
Let k = 9673 - 6009. List the prime factors of k.
2, 229
Suppose -15*c = -11*c - 12, -4*o + 6 = -2*c. Suppose 5*r + 4*p = 2512, -o*p + p = -6. What are the prime factors of r?
2, 5
Let j = 29380 - 28527. List the prime factors of j.
853
Let i = 231 - 113. Suppose -120*z + i*z = -422. What are the prime factors of z?
211
Let j be -17 + (0 + -2)/((-4)/2). Let c = 18 - j. What are the prime factors of c?
2, 17
Let z(u) = -22*u - 100. Let n(t) = -67*t - 299. Let y(g) = 4*n(g) - 11*z(g). What are the prime factors of y(-20)?
2, 53
Suppose -360*t = -355*t - 88030. What are the prime factors of t?
2, 8803
Let y(n) = -3*n**3 - 15*n**2 - 215*n - 68. What are the prime factors of y(-21)?
5, 47, 109
Let k = 8567 - -17671. List the prime factors of k.
2, 3, 4373
Suppose 1894*w - 1914*w + 871760 = 0. What are the prime factors of w?
2, 17, 641
Let r be (-136)/(-22) - (-12)/(-66). Suppose r*z + 784 = 4396. What are the prime factors of z?
2, 7, 43
Let d = -68 - -92. Suppose -10 = -17*a + d. Suppose 0 = a*y + 4*x - 40, 4*x = -y + 3*y. What are the prime factors of y?
2, 5
Let r be -9 + 1/(-1)*-3*-1. Let k(v) = v**3 + 13*v**2 - 5*v + 9. What are the prime factors of k(r)?
3, 71
Let x = 715 - 355. Suppose -5*o + 2*z + 90 = -4*o, 0 = -4*o + 2*z + x. What are the prime factors of o?
2, 3, 5
Suppose y = k - 292, -3*k + 13*y + 896 = 15*y. Suppose 5*o = 7*o - k. List the prime factors of o.
2, 37
Let u(p) = p**2 - 4. Let m be u(3). Suppose -4*h = -m*h - 40. Let w = 48 + h. List the prime factors of w.
2
Let q(s) = -7*s + 82 + 68*s - 4*s. List the prime factors of q(5).
367
Let n(g) = -44*g**3 - 5*g**2 + 12*g - 18. List the prime factors of n(-7).
3, 5, 983
Let z = 38 + -41. Let d = 6 - z. Suppose d*x = -13 + 220. List the prime factors of x.
23
Let t(m) = 345*m + 58. Let g be t(2). Let o = g - -197. List the prime factors of o.
3, 5, 7
Suppose 24456 = 37*p + 7140. What are the prime factors of p?
2, 3, 13
Let u = 414 - 808. Let y = 1083 + u. List the prime factors of y.
13, 53
Let a = 53827 + -18281. What are the prime factors of a?
2, 7, 2539
Let t(r) = 2*r**2 - 215*r + 89. List the prime factors of t(-54).
47, 373
Let x = -305 + 357. Suppose x = -9*k + 1438. List the prime factors of k.
2, 7, 11
Suppose -13*j + 31941 = -40*j. Let o = 1714 + j. What are the prime factors of o?
3, 59
What are the prime factors of 3/(156/8) - 962283/(-273)?
3, 5, 47
Suppose 560121 = 143*r - 207074. What are the prime factors of r?
5, 29, 37
Suppose 0 = -4*d + 3*s + 2373, -3*d + 1242 + 537 = -2*s. Suppose 3*w - 3*g = d, -2*g = -3*w - 2*w + 982. What are the prime factors of w?
2, 7
Let l(v) = 2*v**2 + 24*v + 10. Let j be l(-12). Suppose 0*n + 9680 = j*n. List the prime factors of n.
2, 11
Suppose 8*k - 1670 = -486. Suppose -5*b = 3*d - 829, 2*b = -3*d + k + 180. What are the prime factors of b?
167
Let p(t) = -t**2 + 13*t - 21. Let s be p(11). Let c be ((-7)/(-21))/(s/(-3)). Let j(w) = -5*w + 1. What are the prime factors of j(c)?
2, 3
Let a(y) = y**2 + 3*y - 31. Let p be a(-6). Let b be 1303/(-6) + p/(-78). Let u = b + 492. What are the prime factors of u?
5, 11
Let p(a) = -a**2 + a + 30. Let i be p(5). Suppose -7 = -2*r - 5*z + i, -5*z = 5. List the prime factors of r.
11
Let w(u) = 6*u**2 - 77*u - 331. Let g be w(-4). Let j(n) = 9*n**2 - n + 3. Let x be j(-3). Let y = x - g. What are the prime factors of y?
2, 7
Let c = -13 + 15. Suppose 3*k - 9 - 6 = -c*x, 4*x = 5*k + 41. List the prime factors of (x/2)/(6*5/160).
2, 3
Suppose -22 = -4*w - r - 6, w + 17 = 5*r. Let m be (-912)/(-1672) + 1226/11. Suppose -w*c = c - m. What are the prime factors of c?
2, 7
Suppose 0 = -88*j + 188594 - 42426. What are the prime factors of j?
11, 151
Suppose 402465 = 58*h - 177303. What are the prime factors of h?
2, 3, 7, 17
Suppose -10*k = -6*k - 8. Suppose -2*s - 2 = k*l + l, -l = 3*s - 11. Suppose j - s*g = -16, -5*j + 0*g - 2*g = -55. List the prime factors of j.
3
Let k(m) = 2*m**2 + 4*m - 2. Let w(t) = 2*t**2 + 5*t - 1. Let b(n) = 3*k(n) - 2*w(n). Suppose -3*d + 24 = -0. What are the prime factors of b(d)?
2, 5, 7
Let c(k) = -k**3 + 7*k**2 + 31*k - 10. Let h be c(14). Let y = 1342 + h. Suppose 7*f - 19 = y. What are the prime factors of f?
59
Suppose -3*i = -8*i + 660. Let n = 858 - i. What are the prime factors of n?
2, 3, 11
Suppose 4*m = -5*t + 16780, -89*m + 3*t + 12585 = -86*m. List the prime factors of m.
5, 839
What are the prime factors of (3 + 13 - 13357)*-1?
3, 4447
Suppose 15*d - 18*d - 4458 = 0. Let n be 6/8 + d/8. What are the prime factors of 4/(-16) - n/4?
2, 23
Let k(r) = 223*r**2 - 15*r - 14. Suppose 10*h = -9 - 1. What are the prime factors of k(h)?
2, 7
Let q = -43123 + 99163. What are the prime factors of q?
2, 3, 5, 467
Suppose 25093*g - 25074*g = 1438205. List the prime factors of g.
5, 15139
What are the prime factors of (317118/136)/(3/4)?
3109
Let m be 27/4 - 1/(-4). Suppose m*x - 226 = -51. Suppose -5*g + 138 = -3*k, 2*k - 13 - x = -g. What are the prime factors of g?
2, 3, 5
Let v(r) = r**3 - r**2 - 2. Let j be v(2). Suppose -4*d + b + 664 + 656 = 0, 660 = 2*d - j*b. Let p = d + -185. What are the prime factors of p?
5, 29
Suppose 8*s - 3*p - 242 = 6*s, -5*p = 4*s - 528. Let m = 38 + 1. Let d = s - m. What are the prime factors of d?
2, 11
Let x 